mainder when 32005 is divided by 10664?
13
What is the remainder when 28083 is divided by 2386?
1837
What is the remainder when 4324 is divided by 224?
68
Calculate the remainder when 2177 is divided by 1789.
388
Calculate the remainder when 8844 is divided by 1673.
479
What is the remainder when 9420 is divided by 9396?
24
Calculate the remainder when 17390 is divided by 5782.
44
What is the remainder when 3639 is divided by 1796?
47
Calculate the remainder when 50055 is divided by 309.
306
Calculate the remainder when 9631 is divided by 56.
55
What is the remainder when 8099 is divided by 15?
14
What is the remainder when 42599 is divided by 319?
172
What is the remainder when 64172 is divided by 21359?
95
What is the remainder when 6820 is divided by 285?
265
What is the remainder when 340178 is divided by 26?
20
What is the remainder when 2842076 is divided by 419?
418
What is the remainder when 34890 is divided by 261?
177
What is the remainder when 180146 is divided by 159?
158
Calculate the remainder when 5125 is divided by 317.
53
What is the remainder when 5061 is divided by 37?
29
Calculate the remainder when 25378 is divided by 13.
2
What is the remainder when 252 is divided by 230?
22
What is the remainder when 6882 is divided by 899?
589
Calculate the remainder when 74208 is divided by 181.
179
What is the remainder when 70504 is divided by 203?
63
Calculate the remainder when 97269 is divided by 504.
501
What is the remainder when 1101125 is divided by 58?
53
What is the remainder when 8319 is divided by 362?
355
Calculate the remainder when 752 is divided by 7.
3
What is the remainder when 64248 is divided by 35?
23
Calculate the remainder when 26249 is divided by 35.
34
Calculate the remainder when 78430 is divided by 29.
14
What is the remainder when 3189 is divided by 601?
184
What is the remainder when 2471 is divided by 329?
168
Calculate the remainder when 93092 is divided by 21.
20
What is the remainder when 40479 is divided by 397?
382
Calculate the remainder when 114125 is divided by 68.
21
What is the remainder when 3755 is divided by 65?
50
Calculate the remainder when 85629 is divided by 246.
21
What is the remainder when 168500 is divided by 5?
0
Calculate the remainder when 285880 is divided by 23.
13
What is the remainder when 15150 is divided by 3754?
134
Calculate the remainder when 4233 is divided by 540.
453
What is the remainder when 1088 is divided by 230?
168
Calculate the remainder when 214795 is divided by 253.
251
Calculate the remainder when 71405 is divided by 14280.
5
Calculate the remainder when 30060 is divided by 1307.
1306
What is the remainder when 11197 is divided by 5592?
13
Calculate the remainder when 3308 is divided by 558.
518
What is the remainder when 1381 is divided by 178?
135
Calculate the remainder when 259177 is divided by 21.
16
Calculate the remainder when 11516 is divided by 480.
476
What is the remainder when 124243 is divided by 7752?
211
Calculate the remainder when 8442 is divided by 119.
112
Calculate the remainder when 267 is divided by 155.
112
What is the remainder when 15106 is divided by 6?
4
What is the remainder when 54718 is divided by 3?
1
What is the remainder when 7292 is divided by 165?
32
What is the remainder when 17377 is divided by 5790?
7
Calculate the remainder when 193927 is divided by 381.
379
What is the remainder when 223007 is divided by 680?
647
What is the remainder when 7130 is divided by 16?
10
What is the remainder when 28183 is divided by 71?
67
Calculate the remainder when 21229 is divided by 1415.
4
What is the remainder when 779 is divided by 235?
74
What is the remainder when 237143 is divided by 91?
88
Calculate the remainder when 208184 is divided by 7.
4
What is the remainder when 11392 is divided by 215?
212
Calculate the remainder when 7629 is divided by 205.
44
Calculate the remainder when 23867 is divided by 204.
203
Calculate the remainder when 16235 is divided by 624.
11
Calculate the remainder when 421677 is divided by 20.
17
Calculate the remainder when 30225 is divided by 181.
179
Calculate the remainder when 2533 is divided by 40.
13
What is the remainder when 94750 is divided by 140?
110
What is the remainder when 30470 is divided by 7604?
54
What is the remainder when 136338 is divided by 19?
13
What is the remainder when 21834 is divided by 10905?
24
Calculate the remainder when 2762 is divided by 975.
812
Calculate the remainder when 4634 is divided by 514.
8
Calculate the remainder when 4647577 is divided by 28.
25
What is the remainder when 5170 is divided by 1033?
5
What is the remainder when 197384 is divided by 65755?
119
Calculate the remainder when 245193 is divided by 19.
17
What is the remainder when 2214 is divided by 80?
54
What is the remainder when 44054 is divided by 334?
300
What is the remainder when 38307 is divided by 314?
313
What is the remainder when 102318 is divided by 1312?
1294
What is the remainder when 2513 is divided by 355?
28
Calculate the remainder when 4047 is divided by 182.
43
Calculate the remainder when 15434 is divided by 467.
23
What is the remainder when 996 is divided by 141?
9
What is the remainder when 719097 is divided by 340?
337
What is the remainder when 1022 is divided by 166?
26
Calculate the remainder when 106929 is divided by 85.
84
Calculate the remainder when 35659 is divided by 759.
745
What is the remainder when 920 is divided by 247?
179
What is the remainder when 677 is divided by 89?
54
Calculate the remainder when 98824 is divided by 335.
334
What is the remainder when 2779 is divided by 307?
16
Calculate the remainder when 4403 is divided by 503.
379
Calculate the remainder when 42184 is divided by 370.
4
Calculate the remainder when 50854 is divided by 11.
1
What is the remainder when 66092 is divided by 27?
23
What is the remainder when 46880 is divided by 1416?
152
Calculate the remainder when 15295 is divided by 247.
228
What is the remainder when 1089432 is divided by 885?
882
Calculate the remainder when 36557 is divided by 157.
133
What is the remainder when 62007 is divided by 862?
805
Calculate the remainder when 85301 is divided by 442.
437
What is the remainder when 7363 is divided by 1640?
803
What is the remainder when 2541 is divided by 2540?
1
Calculate the remainder when 15503 is divided by 94.
87
Calculate the remainder when 31299 is divided by 74.
71
Calculate the remainder when 6175 is divided by 6106.
69
What is the remainder when 2312 is divided by 57?
32
Calculate the remainder when 47 is divided by 42.
5
What is the remainder when 1908 is divided by 872?
164
Calculate the remainder when 279870 is divided by 33.
30
What is the remainder when 99952 is divided by 429?
424
What is the remainder when 30282 is divided by 80?
42
What is the remainder when 991 is divided by 17?
5
Calculate the remainder when 1429 is divided by 226.
73
What is the remainder when 261874 is divided by 628?
626
What is the remainder when 100766 is divided by 893?
750
Calculate the remainder when 26310 is divided by 3755.
25
What is the remainder when 15071 is divided by 1029?
665
Calculate the remainder when 80897 is divided by 17.
11
What is the remainder when 5057 is divided by 412?
113
What is the remainder when 886339 is divided by 77?
69
Calculate the remainder when 32921 is divided by 6580.
21
What is the remainder when 192621 is divided by 92?
65
What is the remainder when 3259 is divided by 2?
1
What is the remainder when 4093 is divided by 3960?
133
Calculate the remainder when 182 is divided by 48.
38
Calculate the remainder when 2610 is divided by 2599.
11
What is the remainder when 34359 is divided by 414?
411
What is the remainder when 123438 is divided by 133?
14
What is the remainder when 94179 is divided by 146?
9
Calculate the remainder when 3142 is divided by 1032.
46
What is the remainder when 34010 is divided by 391?
384
What is the remainder when 5696 is divided by 25?
21
What is the remainder when 835673 is divided by 42?
41
What is the remainder when 17038 is divided by 146?
102
What is the remainder when 80148 is divided by 50?
48
Calculate the remainder when 1489 is divided by 28.
5
Calculate the remainder when 591743 is divided by 203.
201
What